{"id":392812,"date":"2018-11-06T22:24:35","date_gmt":"2018-11-06T22:24:35","guid":{"rendered":"http:\/\/www.ieiacademy.com\/iei-online\/?page_id=392812"},"modified":"2018-11-06T22:24:35","modified_gmt":"2018-11-06T22:24:35","slug":"my-account","status":"publish","type":"page","link":"http:\/\/www.ieiacademy.com\/iei-online\/my-account\/","title":{"rendered":"My account"},"content":{"rendered":"<p>Introduce tu email y contrase\u00f1a para acceder a tus archivos y contenidos privados.<\/p><form name=\"loginform\" id=\"loginform\" action=\"http:\/\/www.ieiacademy.com\/iei-online\/admin-iei\/\" method=\"post\"><p class=\"login-username\">\n\t\t\t\t<label for=\"user_login\">Nombre de usuario o correo electr\u00f3nico<\/label>\n\t\t\t\t<input type=\"text\" name=\"log\" id=\"user_login\" autocomplete=\"username\" class=\"input\" value=\"\" size=\"20\" \/>\n\t\t\t<\/p><p class=\"login-password\">\n\t\t\t\t<label for=\"user_pass\">Contrase\u00f1a<\/label>\n\t\t\t\t<input type=\"password\" name=\"pwd\" id=\"user_pass\" autocomplete=\"current-password\" spellcheck=\"false\" class=\"input\" value=\"\" size=\"20\" \/>\n\t\t\t<\/p><p class=\"login-remember\"><label><input name=\"rememberme\" type=\"checkbox\" id=\"rememberme\" value=\"forever\" \/> Recu\u00e9rdame<\/label><\/p><p class=\"login-submit\">\n\t\t\t\t<input type=\"submit\" name=\"wp-submit\" id=\"wp-submit\" class=\"button button-primary\" value=\"Acceder\" \/>\n\t\t\t\t<input type=\"hidden\" name=\"redirect_to\" value=\"http:\/\/www.ieiacademy.com\/iei-online\/my-account\/\" \/>\n\t\t\t<\/p><\/form>\n","protected":false},"excerpt":{"rendered":"Introduce tu email y contrase\u00f1a para acceder a tus archivos y contenidos privados. Nombre de usuario o correo electr\u00f3nico Contrase\u00f1a","protected":false},"author":1,"featured_media":0,"parent":0,"menu_order":0,"comment_status":"closed","ping_status":"closed","template":"","meta":{"footnotes":""},"_links":{"self":[{"href":"http:\/\/www.ieiacademy.com\/iei-online\/wp-json\/wp\/v2\/pages\/392812"}],"collection":[{"href":"http:\/\/www.ieiacademy.com\/iei-online\/wp-json\/wp\/v2\/pages"}],"about":[{"href":"http:\/\/www.ieiacademy.com\/iei-online\/wp-json\/wp\/v2\/types\/page"}],"author":[{"embeddable":true,"href":"http:\/\/www.ieiacademy.com\/iei-online\/wp-json\/wp\/v2\/users\/1"}],"replies":[{"embeddable":true,"href":"http:\/\/www.ieiacademy.com\/iei-online\/wp-json\/wp\/v2\/comments?post=392812"}],"version-history":[{"count":1,"href":"http:\/\/www.ieiacademy.com\/iei-online\/wp-json\/wp\/v2\/pages\/392812\/revisions"}],"predecessor-version":[{"id":392813,"href":"http:\/\/www.ieiacademy.com\/iei-online\/wp-json\/wp\/v2\/pages\/392812\/revisions\/392813"}],"wp:attachment":[{"href":"http:\/\/www.ieiacademy.com\/iei-online\/wp-json\/wp\/v2\/media?parent=392812"}],"curies":[{"name":"wp","href":"https:\/\/api.w.org\/{rel}","templated":true}]}}